- (-76 + 79))?
-14
(41 - (27 - -13)) + (1 + 7 - -1)
10
Calculate 3 + (-17 - -18 - -30).
34
What is (24 - 18) + 5 + -1 + -2 + 4?
12
Evaluate 5 + (9 + -23 + 5 - -6).
2
Calculate (-1 - 16) + 19 + (14 - 18) + -7.
-9
What is the value of -2 - (9 - -2 - 9) - (-17 - 1)?
14
Calculate -12 + -3 + 4 + 6 + 22.
17
Calculate 5 + (-2 - 7 - -8) - 1.
3
Evaluate 454 - 454 - (0 - 23).
23
What is -27 - (-27 + 13) - -9?
-4
What is the value of -1 + -5 + 1 - (15 + -14) - 3?
-9
What is 13 + (-3 - -5) + -6?
9
(-165 - -171) + -11 + -1
-6
What is the value of 1 + 4 + 5 + (-4 - (-4 + 21))?
-11
What is the value of 1 + -12 - (4 - (-10 + (-14 - -28)))?
-11
Evaluate -9 + (-10 + -10 + 11 - -30).
12
What is -11 - (4 + -6) - (-4 + (0 - 0))?
-5
What is the value of 13 - 17 - -5 - -10?
11
Calculate -69 - -55 - (-1 - 0).
-13
Calculate (15 - 23) + 1 + 2 + (-1 - 4).
-10
What is the value of 8 + (15 - -35 - 34)?
24
Evaluate (26 - 26) + 10 + 0 + 1.
11
18 - (8 + 9 - 14)
15
-80 + 10 - -5 - -34
-31
47 - (42 + -32 + 20)
17
What is the value of 21 + (-11 + 9 - 21)?
-2
What is the value of 4 + 1 - 1 - (64 - (6 - -39))?
-15
9 - (3 + 0) - (10 + -3 + -7)
6
Calculate -18 - (-2 - (4 + -9) - -2 - 1).
-22
Calculate 46 + (8 - 17 - (23 - 15)).
29
What is (-30 - -12) + 15 - -16?
13
3 + 10 + (-32 + 22 - -6)
9
What is the value of 47 + -30 + -10 - (4 + -26)?
29
Evaluate (15 - -1 - (42 + -25)) + 10 + 0.
9
What is the value of 0 + -10 + (157 - 145)?
2
What is the value of (-10 - -5) + 11 - ((-14 - -2) + -1)?
19
What is the value of (2 - 3) + 6 + (-30 + -12 - -14)?
-23
0 - 1 - (8 + -1 - 8) - -26
26
Evaluate -23 - ((1 - (-24 + 21)) + (0 - 5)).
-22
Calculate 11 + -28 + 17 + (0 - (-1 - -7)).
-6
10 + -3 + -14 + 1 - 10
-16
What is the value of 38 + -27 - (5 - (1 + -3 - 3))?
1
Calculate (-41 - 4) + 72 + -27.
0
-19 - (-4 + (5 - 0 - 1))
-19
-1 - 4 - ((15 + -2 - 0) + -2)
-16
Calculate (-2 - (6 + -20)) + (1 - 2).
11
Calculate -48 + (34 - 16) + 26.
-4
What is the value of (-11 - -2) + (-8 - -20 - 16)?
-13
Evaluate (0 - (4 + -16)) + -13 + (20 - 0).
19
-7 - (-9 - -4 - (-2 - 9))
-13
What is the value of -36 - (19 + (-11 - 26))?
-18
What is the value of 10 - (4 + (5 - -20))?
-19
(0 + -2 - -15) + 13 + -13
13
Evaluate 4 + 1 + (-7 - -7) - (1 + -5).
9
What is the value of 13 + 24 + -25 + (2 - -17)?
31
What is the value of -2 + (-5 - 3 - -17) + -10?
-3
Calculate (-6 - -9) + (135 - 113).
25
What is the value of -1 + 7 - (16 + -9 + -7 + -5)?
11
What is the value of 16 - -16 - (1 - -53)?
-22
Calculate -10 + (-12 + 11 - -4) - (7 + 6).
-20
What is -1 - ((-1 - -2) + 35 + -43 + 2)?
4
Evaluate -5 - (-4 - (-17 - -31)).
13
Evaluate -250 + 266 - (44 + 2).
-30
What is the value of -12 + 7 + 12 + -1?
6
What is the value of 8 + ((-4 - -3) + -16 - (0 - 12))?
3
770 - 761 - (30 - (1 - 0))
-20
0 + (25 - 47) + 14
-8
What is the value of -2 + -9 + (15 - 7) - 10?
-13
Evaluate -8 + (193 + -167 - (2 + 1)).
15
Calculate 0 + 6 - (11 + -5 + -5 - -1).
4
Evaluate (-9 - -35) + (-6 - -2).
22
Calculate -21 + -22 + (-19 - -56).
-6
What is 16 + -36 + 12 - 9?
-17
What is the value of -1 + (-20 - (-39 + 21))?
-3
Calculate -34 + 5 + (-25 - -26).
-28
Evaluate -1 + 7 - ((-27 - -23) + 22).
-12
Evaluate 12 - 2 - 11 - -3 - 0.
2
What is the value of -7 - (-4 + (25 - 24))?
-4
What is 2 + (23 - 52) + 47?
20
What is 7 - -1 - (-7 - -18) - 16?
-19
What is -50 - -62 - (1 - 2)?
13
Evaluate (-2 - -3 - 3) + (-38 - (-31 + 19)).
-28
What is (5 - (2 + -1)) + -3 + 8 + -11?
-2
Evaluate 13 + 5 + -6 + -19 - (3 - -8).
-18
Evaluate (-4 - -1) + -4 - -2 - (-1 + -12).
8
Calculate 49 - 41 - (-8 + -3).
19
What is the value of 15 - 4 - (68 + -53)?
-4
-1 - (-4 + (0 - 2)) - (269 - 264)
0
Calculate -1 + 43 + -23 - 2.
17
Calculate -1 + 2 - (-11 - ((5 - 22) + 12)).
7
2 + (7 - -18) + -19 - (0 + 13)
-5
Evaluate 19 + 19 + -36 + -6 + -1.
-5
Evaluate -5 + (25 - 11) + -22.
-13
Evaluate (-1 - -8) + (-12 + 4 - -15).
14
Calculate -18 - -8 - 7 - (4 + -6).
-15
What is -5 + (2 - (16 - 12) - 9)?
-16
Evaluate 278 + -287 + (24 - -2).
17
Evaluate -7 - ((4 - (6 + -4)) + (6 - 2)).
-13
What is the value of 1 + (-10 - -17) + -12?
-4
Calculate -14 + (-4 - 4) - -13.
-9
(-8 - 1) + 8 - (-2 - (-3 - 5))
-7
What is 3 + (26 - 7) - 23?
-1
Evaluate 91 - 91 - (-12 + -2 + 5).
9
What is -6 + -8 + 7 - (-2 + (-6 - -10))?
-9
Evaluate (-19 + 32 - 8) + (0 - -12) + 0.
17
Calculate 1 - (-5 + -17 - -4).
19
Calculate (-23 - (2 - 11)) + 12 + -3 + -2.
-7
What is (-4 - 4) + -1 + (7 - (22 - 7))?
-17
Calculate 12 + -9 + -10 + -16.
-23
What is 21 + (22 - -17 - 34)?
26
Evaluate (-53 + 51 - (-2 + -1)) + 12.
13
Calculate -7 + (-4 - -1) + -6 - 0.
-16
Evaluate -10 - (-12 - -3 - ((22 - -14) + -7)).
28
Calculate 4 - ((-8 - 24) + 19).
17
What is the value of -1 + (15 + -11 + -7 - 21)?
-25
What is 13 + (-13 - (12 - 5)) + -9?
-16
What is the value of 37 + -15 + -1 + -52?
-31
What is -24 + (-18 - -28) + 11 - (-15 + 1)?
11
What is (-9 - -28) + -17 + (2 - 1) + -8?
-5
What is the value of 1 + 11 + -3 + (-24 - -29)?
14
Evaluate 12 + -2 + 1 + -8 + 2 + 5.
10
Calculate -13 + (-12 - 4) + 15.
-14
Evaluate -3 - (-42 + 41 + -29).
27
Evaluate 14 + -2 + (9 - (20 + (-4 - 3))).
8
What is -170 + 166 + (2 - 1) + -10?
-13
What is (-4 - 3 - -2 - -6 - 6) + -3?
-8
5 + -7 + 39 - (94 - 82)
25
Evaluate 32 + -2 - 19 - (3 - 1).
9
What is -6 + (31 - 17) + 2 + -42 + -3?
-35
What is 9 - (-6 + 11) - 11 - -9?
2
What is the value of 14 - (15 - (24 + -18))?
5
What is (-193 - -199) + 3 + -4 + (2 - 3)?
4
Evaluate (26 - -1) + (14 - 28).
13
Calculate 135 + -141 - (0 + -2 - 10).
6
7 + (-8 - (-6 - -3 - -2))
0
Calculate -19 + (-30 - -42) + 8.
1
What is -2 + 18 - (43 - (-5 + 32))?
0
What is (12 - (6 - -3 - 4)) + 1?
8
1 + 3 + 42 + -30 - -6
22
28 + -33 + 21 + 8 + 1 + 1
26
What is the value of (-6 + 7 - 0) + -5 + 23?
19
What is (-3 - -19 - 12) + 5?
9
What is the value of -14 + (7 + 5 + -1 - 15)?
-18
(2 - -4) + 2 - (-74 - -80)
2
What is 2 + 4 + -1 - 3 - -16?
18
What is the value of 2 + 1 - (-8 - -30 - 9)?
-10
What is the value of 4 - (-12 + (-2 - -20) - (4 + 6))?
8
Evaluate 0 - 0 - (-11 - 2).
13
What is 29 + (-2 - -1) + (5 - (31 - 25))?
27
Evaluate 27 + 4 + -18 + -27.
-14
Calculate (0 - 15) + 247 + -212.
20
2 - (-3 - -5) - (-9 + 8 - -13)
-12
-171 + 147 + -10 + 29
-5
What is the value of -10 - -8 - 2 - (14 + (4 - 7))?
-15
What is the value of (-15 - -1) + (11 - (9 + 3))?
-15
Calculate 3 - 10 - -2 - 0 - (-14 + 2).
7
(4 - 4) + (-9 - -14) + 15
20
What is 12 + -22 - (2 + 0)?
-12
What is 1 + -13 - (-152 - -135) - (0 + 12)?
-7
What is the value of (7 - 47) + 65 + -45?
-20
Evaluate 7 - (-13 + 4 + 13).
3
-9 + 3 + 15 - (-6 - (-3 - -1))
13
What is the value of 0 - -25 - (-142 + 150) - 18?
-1
What is the value of -3 + 2 - (21 + -16)?
-6
Evaluate 14 - (13 - (11 + -17)).
-5
What is -105 - -39 - -25 - (-11 - 1)?
-29
Calculate (27 + -4 - 9) + (7 - -2 - -1).
24
What is the value of (-7 - -2 - (59 - 68)) + 10?
14
-30 + (-7 - (18 + -43))
-12
Evaluate 20 + -20 - -1 - -10.
11
Calculate 19 + (-34 - (-22 + 0)).
7
Calculate 1 + (259 - 266 - (7 + -1 + -1)).
-11
Calculate 14 + 3 + -29 + 18.
6
What is -34 + 51 + -21 - (4 - (3 - 0))?
-5
Evaluate (2 - 20 - -1) + (11 - (-33 + 49)).
-22
Evaluate -10 - (-14 - -17 - (-4 - (-8 - -2))).
-11
What is the value of -2 + (-8 + 3 - -10) - 8?
-5
What is the value of 30 - (22 + -21 + 22)?
7
What is the value of 10 - (11 - (-6 + 10))?
3
Calculate 25 - 28 - (-4 + 1 + 0 + 6).
-6
What is (-11 - (29 - 47)) + (1 - (2 - -2))?
4
Evaluate (11 - 4) + -2 - (0 + -9).
14
Evaluate (25 - 22) + -5 + 5.
3
Calculate -37 + 51 + -7 + 6.
13
What is -5 + -14 + 5 + 25?
11
Evaluate -3 + -9 + 6 + 5.
-1
What is the value of (-27 - -3) + (5 - -50)?
31
Calculate (-8 - (-16 - -7)) + 6 + 3.
10
What is the value of 6 + (-7 - -10 - -6)?
15
What is the value of (283 - 271) + (-25 - 1)?
-14
What is the value of (13 - -9) + (-2 - 18)?
2
Calculate -192 - -210 - (-16 + 0) - 15.
19
Calculate -22 + 30 - (-10 - -20).
-2
Evaluate (-3 + -17 - -18) + 7.
5
Evaluate -5 - (-17 + -13 + 13).
12
(-86 + 96 - (14 + -2)) + -1 + 4
1
0 + (-3 - -8) + -4 + 0 + 5
6
Calculate (7 - 14 - 3) + 4 + 9.
3
Evaluate 8 + ((9 - 0) + (-10 - 2) - 26).
-21
Evaluate -11 - (-30 - (-1 + -12)).
6
Calculate 5 + 0 + (-4 - -1).
2
What is 4 - (-1 + -6 + -6 + 17 - 4)?
4
What is the value of -12 + -9 + 21 - 2 - (6 + 1)?
-9
Evaluate -7 + -8 + 4 + 1 + -1 + -1.
-1